{"id":10274,"date":"2022-10-01T12:36:10","date_gmt":"2022-10-01T12:36:10","guid":{"rendered":"https:\/\/bergehenegouwen.nl\/vbh\/?post_type=product&#038;p=10274"},"modified":"2026-01-14T13:08:33","modified_gmt":"2026-01-14T13:08:33","slug":"cambridge-audio-cxa81","status":"publish","type":"product","link":"https:\/\/bergehenegouwen.nl\/index.php\/product\/cambridge-audio-cxa81\/","title":{"rendered":"Cambridge Audio CXA81 mk2"},"content":{"rendered":"<div id=\"information\" class=\"product-info active\">\n<h2>Omschrijving<\/h2>\n<div class=\"descriptionOuter\">\n<div id=\"descriptionBody\" class=\"descriptionExpand\">\n<div id=\"descriptionContent\">\n<div class=\"woocommerce-product-details__short-description\">\n<p>De Cambridge Audio CXA81 versterker is compromisloos en verfijnd. Zijn 80 watt per kanaal geeft het volledige gezag over muziek en het wringt elke emotionele en muzikale nuance uit je hele collectie.<\/p>\n<p>Het beste verbeteren. Hoe neem je een bewonderde en succesvolle ge\u00efntegreerde versterker, die wereldwijd respect en waardering verdient en maak je deze nog beter? Nou, als je een Cambridge Audio-ingenieur bent, onderzoek je elk aspect van de uitvoering \u2013 en dan doe je er alles aan om het \u2018meer\u2019 te maken. Verfijnder, preciezer, boeiender \u2026 muzikaler. De CXA81 is nu alles wat je leuk vond aan de CXA80, maar dan nog meer.<\/p>\n<p>Compromisloos en compromisloos. Al het onderzoek, alle ontwikkeling, alle tijd en moeite die aan de CXA81 is besteed, is slechts om \u00e9\u00e9n reden: om dit de meest complete en absorberende ge\u00efntegreerde versterker te maken die ooit voor deze prijs is aangeboden. Elk geselecteerd onderdeel en elke genomen technische beslissing is volledig gebaseerd op de wens om vooruitgang te boeken. De CXA81 is zonder compromissen ontworpen en gespecificeerd om het volledige muzikale beeld te leveren.<\/p>\n<p>&nbsp;<\/p>\n<\/div>\n<\/div>\n<\/div>\n<div id=\"descriptionCollapser\" class=\"singleLink\"><\/div>\n<\/div>\n<h4 class=\"block-title \"><a id=\"specs\" class=\"anchorjump\" name=\"specs\"><\/a><\/h4>\n<h2>Specificaties<\/h2>\n<div class=\"specsOuter\">\n<div id=\"specsBody\" class=\"specsExpand\">\n<div id=\"specsContent\">\n<div class=\"product_attribute_box\">\n<div class=\"row specBlock\">\n<div class=\"col-lg-12 col-md-12 col-sm-12 col-xs-12\">\n<div class=\"specHeader\">Algemeen<\/div>\n<div class=\"row attributeRow\">\n<div class=\"col-lg-6 col-md-6 col-sm-6 col-xs-6\">Type versterker\u00a0<i class=\"fa fa-info-circle help_icon\"><\/i><\/div>\n<div class=\"col-lg-6 col-md-6 col-sm-6 col-xs-6\">geintegreerde versterker<\/div>\n<\/div>\n<div class=\"row attributeRow\">\n<div class=\"col-lg-6 col-md-6 col-sm-6 col-xs-6\">Serie\u00a0<i class=\"fa fa-info-circle help_icon\"><\/i><\/div>\n<div class=\"col-lg-6 col-md-6 col-sm-6 col-xs-6\">CX serie<\/div>\n<\/div>\n<div class=\"row attributeRow\">\n<div class=\"col-lg-6 col-md-6 col-sm-6 col-xs-6\">Kwaliteitsklasse\u00a0<i class=\"fa fa-info-circle help_icon\"><\/i><\/div>\n<div class=\"col-lg-6 col-md-6 col-sm-6 col-xs-6\">Premium klasse<\/div>\n<\/div>\n<\/div>\n<\/div>\n<div class=\"row specBlock\">\n<div class=\"col-lg-12 col-md-12 col-sm-12 col-xs-12\">\n<div class=\"specHeader\">Versterker<\/div>\n<div class=\"row attributeRow\">\n<div class=\"col-lg-6 col-md-6 col-sm-6 col-xs-6\">Kanalen\u00a0<i class=\"fa fa-info-circle help_icon\"><\/i><\/div>\n<div class=\"col-lg-6 col-md-6 col-sm-6 col-xs-6\">Stereo (2 kanalen)<\/div>\n<\/div>\n<div class=\"row attributeRow\">\n<div class=\"col-lg-6 col-md-6 col-sm-6 col-xs-6\">Vermogen (8 ohm) per kanaal\u00a0<i class=\"fa fa-info-circle help_icon\"><\/i><\/div>\n<div class=\"col-lg-6 col-md-6 col-sm-6 col-xs-6\">80 watt<\/div>\n<\/div>\n<div class=\"row attributeRow\">\n<div class=\"col-lg-6 col-md-6 col-sm-6 col-xs-6\">Vermogen (4 ohm) per kanaal\u00a0<i class=\"fa fa-info-circle help_icon\"><\/i><\/div>\n<div class=\"col-lg-6 col-md-6 col-sm-6 col-xs-6\">120 watt<\/div>\n<\/div>\n<div class=\"row attributeRow\">\n<div class=\"col-lg-6 col-md-6 col-sm-6 col-xs-6\">Versterkingklasse\u00a0<i class=\"fa fa-info-circle help_icon\"><\/i><\/div>\n<div class=\"col-lg-6 col-md-6 col-sm-6 col-xs-6\">klasse A\/B<\/div>\n<\/div>\n<\/div>\n<\/div>\n<div class=\"row specBlock\">\n<div class=\"col-lg-12 col-md-12 col-sm-12 col-xs-12\">\n<div class=\"specHeader\">Analoge aansluitingen<\/div>\n<div class=\"row attributeRow\">\n<div class=\"col-lg-6 col-md-6 col-sm-6 col-xs-6\">RCA ingangen\u00a0<i class=\"fa fa-info-circle help_icon\"><\/i><\/div>\n<div class=\"col-lg-6 col-md-6 col-sm-6 col-xs-6\">4<\/div>\n<\/div>\n<div class=\"row attributeRow\">\n<div class=\"col-lg-6 col-md-6 col-sm-6 col-xs-6\">XLR ingangen\u00a0<i class=\"fa fa-info-circle help_icon\"><\/i><\/div>\n<div class=\"col-lg-6 col-md-6 col-sm-6 col-xs-6\">1<\/div>\n<\/div>\n<div class=\"row attributeRow\">\n<div class=\"col-lg-6 col-md-6 col-sm-6 col-xs-6\">Hoofdtelefoon\u00a0<i class=\"fa fa-info-circle help_icon\"><\/i><\/div>\n<div class=\"col-lg-6 col-md-6 col-sm-6 col-xs-6\">ja<\/div>\n<\/div>\n<div class=\"row attributeRow\">\n<div class=\"col-lg-6 col-md-6 col-sm-6 col-xs-6\">Phono MM\u00a0<i class=\"fa fa-info-circle help_icon\"><\/i><\/div>\n<div class=\"col-lg-6 col-md-6 col-sm-6 col-xs-6\">nee<\/div>\n<\/div>\n<\/div>\n<\/div>\n<div class=\"row specBlock\">\n<div class=\"col-lg-12 col-md-12 col-sm-12 col-xs-12\">\n<div class=\"specHeader\">Digitale aansluitingen<\/div>\n<div class=\"row attributeRow\">\n<div class=\"col-lg-6 col-md-6 col-sm-6 col-xs-6\">Coaxiaal digitaal in\u00a0<i class=\"fa fa-info-circle help_icon\"><\/i><\/div>\n<div class=\"col-lg-6 col-md-6 col-sm-6 col-xs-6\">1<\/div>\n<\/div>\n<div class=\"row attributeRow\">\n<div class=\"col-lg-6 col-md-6 col-sm-6 col-xs-6\">Optisch digitaal in\u00a0<i class=\"fa fa-info-circle help_icon\"><\/i><\/div>\n<div class=\"col-lg-6 col-md-6 col-sm-6 col-xs-6\">2<\/div>\n<\/div>\n<div class=\"row attributeRow\">\n<div class=\"col-lg-6 col-md-6 col-sm-6 col-xs-6\">USB B in<\/div>\n<div class=\"col-lg-6 col-md-6 col-sm-6 col-xs-6\">ja<\/div>\n<\/div>\n<\/div>\n<\/div>\n<div class=\"row specBlock\">\n<div class=\"col-lg-12 col-md-12 col-sm-12 col-xs-12\">\n<div class=\"row attributeRow\">\n<div class=\"col-lg-6 col-md-6 col-sm-6 col-xs-6\">RS232\u00a0<i class=\"fa fa-info-circle help_icon\"><\/i><\/div>\n<div class=\"col-lg-6 col-md-6 col-sm-6 col-xs-6\">ja<\/div>\n<\/div>\n<div class=\"row attributeRow\">\n<div class=\"col-lg-6 col-md-6 col-sm-6 col-xs-6\">IR ingangen<\/div>\n<div class=\"col-lg-6 col-md-6 col-sm-6 col-xs-6\">1<\/div>\n<\/div>\n<div class=\"row attributeRow\">\n<div class=\"col-lg-6 col-md-6 col-sm-6 col-xs-6\">12 volt trigger in<\/div>\n<div class=\"col-lg-6 col-md-6 col-sm-6 col-xs-6\">1<\/div>\n<\/div>\n<div class=\"row attributeRow\">\n<div class=\"col-lg-6 col-md-6 col-sm-6 col-xs-6\">12 volt trigger uit<\/div>\n<div class=\"col-lg-6 col-md-6 col-sm-6 col-xs-6\">1<\/div>\n<\/div>\n<\/div>\n<\/div>\n<div class=\"row specBlock\">\n<div class=\"col-lg-12 col-md-12 col-sm-12 col-xs-12\">\n<div class=\"specHeader\">Pre outs<\/div>\n<div class=\"row attributeRow\">\n<div class=\"col-lg-6 col-md-6 col-sm-6 col-xs-6\">Front L\/R RCA pre-out<\/div>\n<div class=\"col-lg-6 col-md-6 col-sm-6 col-xs-6\">ja<\/div>\n<\/div>\n<div class=\"row attributeRow\">\n<div class=\"col-lg-6 col-md-6 col-sm-6 col-xs-6\">Sub 1 RCA pre-out<\/div>\n<div class=\"col-lg-6 col-md-6 col-sm-6 col-xs-6\">ja<\/div>\n<\/div>\n<\/div>\n<\/div>\n<div class=\"row specBlock\">\n<div class=\"col-lg-12 col-md-12 col-sm-12 col-xs-12\">\n<div class=\"specHeader\">Functies<\/div>\n<div class=\"row attributeRow\">\n<div class=\"col-lg-6 col-md-6 col-sm-6 col-xs-6\">Speaker A\/B\u00a0<i class=\"fa fa-info-circle help_icon\"><\/i><\/div>\n<div class=\"col-lg-6 col-md-6 col-sm-6 col-xs-6\">ja<\/div>\n<\/div>\n<div class=\"row attributeRow\">\n<div class=\"col-lg-6 col-md-6 col-sm-6 col-xs-6\">DAC functie\u00a0<i class=\"fa fa-info-circle help_icon\"><\/i><\/div>\n<div class=\"col-lg-6 col-md-6 col-sm-6 col-xs-6\">ja<\/div>\n<\/div>\n<div class=\"row attributeRow\">\n<div class=\"col-lg-6 col-md-6 col-sm-6 col-xs-6\">Bluetooth\u00a0<i class=\"fa fa-info-circle help_icon\"><\/i><\/div>\n<div class=\"col-lg-6 col-md-6 col-sm-6 col-xs-6\">ja<\/div>\n<\/div>\n<\/div>\n<\/div>\n<div class=\"row specBlock\">\n<div class=\"col-lg-12 col-md-12 col-sm-12 col-xs-12\">\n<div class=\"row attributeRow\">\n<div class=\"col-lg-6 col-md-6 col-sm-6 col-xs-6\">Afmetingen (BxHxD)\u00a0<i class=\"fa fa-info-circle help_icon\"><\/i><\/div>\n<div class=\"col-lg-6 col-md-6 col-sm-6 col-xs-6\">430x115x341 mm<\/div>\n<\/div>\n<div class=\"row attributeRow\">\n<div class=\"col-lg-6 col-md-6 col-sm-6 col-xs-6\">Gewicht\u00a0<i class=\"fa fa-info-circle help_icon\"><\/i><\/div>\n<div class=\"col-lg-6 col-md-6 col-sm-6 col-xs-6\">8,7 kg<\/div>\n<\/div>\n<\/div>\n<\/div>\n<\/div>\n<\/div>\n<\/div>\n<\/div>\n<\/div>\n","protected":false},"excerpt":{"rendered":"<p>Omschrijving De Cambridge Audio CXA81 versterker is compromisloos en verfijnd. Zijn 80 watt per kanaal geeft het volledige gezag over [&hellip;]<\/p>\n","protected":false},"featured_media":12474,"comment_status":"closed","ping_status":"closed","template":"","meta":{"site-sidebar-layout":"default","site-content-layout":"","ast-site-content-layout":"default","site-content-style":"default","site-sidebar-style":"default","ast-global-header-display":"","ast-banner-title-visibility":"","ast-main-header-display":"","ast-hfb-above-header-display":"","ast-hfb-below-header-display":"","ast-hfb-mobile-header-display":"","site-post-title":"","ast-breadcrumbs-content":"","ast-featured-img":"","footer-sml-layout":"","ast-disable-related-posts":"","theme-transparent-header-meta":"","adv-header-id-meta":"","stick-header-meta":"","header-above-stick-meta":"","header-main-stick-meta":"","header-below-stick-meta":"","astra-migrate-meta-layouts":"default","ast-page-background-enabled":"default","ast-page-background-meta":{"desktop":{"background-color":"var(--ast-global-color-5)","background-image":"","background-repeat":"repeat","background-position":"center center","background-size":"auto","background-attachment":"scroll","background-type":"","background-media":"","overlay-type":"","overlay-color":"","overlay-opacity":"","overlay-gradient":""},"tablet":{"background-color":"","background-image":"","background-repeat":"repeat","background-position":"center center","background-size":"auto","background-attachment":"scroll","background-type":"","background-media":"","overlay-type":"","overlay-color":"","overlay-opacity":"","overlay-gradient":""},"mobile":{"background-color":"","background-image":"","background-repeat":"repeat","background-position":"center center","background-size":"auto","background-attachment":"scroll","background-type":"","background-media":"","overlay-type":"","overlay-color":"","overlay-opacity":"","overlay-gradient":""}},"ast-content-background-meta":{"desktop":{"background-color":"var(--ast-global-color-4)","background-image":"","background-repeat":"repeat","background-position":"center center","background-size":"auto","background-attachment":"scroll","background-type":"","background-media":"","overlay-type":"","overlay-color":"","overlay-opacity":"","overlay-gradient":""},"tablet":{"background-color":"var(--ast-global-color-4)","background-image":"","background-repeat":"repeat","background-position":"center center","background-size":"auto","background-attachment":"scroll","background-type":"","background-media":"","overlay-type":"","overlay-color":"","overlay-opacity":"","overlay-gradient":""},"mobile":{"background-color":"var(--ast-global-color-4)","background-image":"","background-repeat":"repeat","background-position":"center center","background-size":"auto","background-attachment":"scroll","background-type":"","background-media":"","overlay-type":"","overlay-color":"","overlay-opacity":"","overlay-gradient":""}}},"product_brand":[],"product_cat":[143,16,86],"product_tag":[239,240,241],"class_list":{"0":"post-10274","1":"product","2":"type-product","3":"status-publish","4":"has-post-thumbnail","6":"product_cat-aanbiedingen","7":"product_cat-geluid","8":"product_cat-versterker-receiver","9":"product_tag-s300","10":"product_tag-yamaha","11":"product_tag-zilver","12":"pa_kleur-grijs","13":"pa_merk-cambridge-audio","14":"desktop-align-left","15":"tablet-align-left","16":"mobile-align-left","18":"first","19":"instock","20":"taxable","21":"shipping-taxable","22":"purchasable","23":"product-type-simple"},"_links":{"self":[{"href":"https:\/\/bergehenegouwen.nl\/index.php\/wp-json\/wp\/v2\/product\/10274","targetHints":{"allow":["GET"]}}],"collection":[{"href":"https:\/\/bergehenegouwen.nl\/index.php\/wp-json\/wp\/v2\/product"}],"about":[{"href":"https:\/\/bergehenegouwen.nl\/index.php\/wp-json\/wp\/v2\/types\/product"}],"replies":[{"embeddable":true,"href":"https:\/\/bergehenegouwen.nl\/index.php\/wp-json\/wp\/v2\/comments?post=10274"}],"wp:featuredmedia":[{"embeddable":true,"href":"https:\/\/bergehenegouwen.nl\/index.php\/wp-json\/wp\/v2\/media\/12474"}],"wp:attachment":[{"href":"https:\/\/bergehenegouwen.nl\/index.php\/wp-json\/wp\/v2\/media?parent=10274"}],"wp:term":[{"taxonomy":"product_brand","embeddable":true,"href":"https:\/\/bergehenegouwen.nl\/index.php\/wp-json\/wp\/v2\/product_brand?post=10274"},{"taxonomy":"product_cat","embeddable":true,"href":"https:\/\/bergehenegouwen.nl\/index.php\/wp-json\/wp\/v2\/product_cat?post=10274"},{"taxonomy":"product_tag","embeddable":true,"href":"https:\/\/bergehenegouwen.nl\/index.php\/wp-json\/wp\/v2\/product_tag?post=10274"}],"curies":[{"name":"wp","href":"https:\/\/api.w.org\/{rel}","templated":true}]}}